357*c + 14. Let b be x(-119). Calculate the greatest common divisor of 77 and b.
7
Let y be 2/(-5) + (-814)/(-10). Suppose -y*c + 2 = -80*c. Suppose -206 = -2*b - c*w, 0 = 4*b - 5*w - 126 - 331. What is the greatest common factor of b and 12?
12
Let j = -702 - -763. Suppose -17 + j = 4*x. What is the highest common divisor of 132 and x?
11
Let k(a) = -1032*a - 6016. Let y be k(-6). Calculate the highest common divisor of y and 33.
11
Let m(q) = -112*q - 3. Let k be m(-2). Let u = -16222 - -16256. Calculate the greatest common factor of k and u.
17
Let c be 18/3 - (-34 - 56). Let o(j) = -j**2 - 7*j + 4. Let k be o(8). Let h = -68 - k. Calculate the greatest common divisor of h and c.
48
Suppose 0 = -19*w + 15*w. Let m be 5/(1 + w) - 0. Suppose -9*s + 23 = m. What is the greatest common factor of 1 and s?
1
Suppose -5*k + 2*q + 1146 = 0, -30 = -q - 33. Calculate the highest common divisor of 12 and k.
12
Suppose -1041*r + 7572 = -1036*r - 3*o, o = -4. Calculate the highest common factor of r and 24.
24
Let k = 230 + 716. Calculate the greatest common factor of 258 and k.
86
Let y = -17 - 11. Let b be (-2)/7 + 188/y + 2. Let c be ((-4)/5)/(b + 669/135). What is the greatest common divisor of c and 12?
6
Let i = 3161 - 1742. Calculate the greatest common divisor of 264 and i.
33
Suppose -b - 285 = 4*c, 3*c = -3*b - 2*c - 841. Let y = -259 - b. What is the greatest common divisor of y and 207?
9
Suppose 8951 = q + 4*u, 2*u - 5081 = -q + 3858. Calculate the highest common factor of 113 and q.
113
Let b(k) = k**3 - 3*k**2 - 8*k + 4. Let f be b(5). Let p = -4310 - -4534. Calculate the highest common factor of f and p.
14
Let s be (-600)/(-9)*((-30)/(-4))/5. Let b = s - -60. Suppose 2*m - 5*n = 30, 4*m + 3*n - 5*n - 76 = 0. What is the highest common divisor of b and m?
20
Let l = -44 - -173. Suppose -l = -6*m - 81. Calculate the greatest common divisor of m and 296.
8
Suppose 134*h - 44884 = -33*h - 62*h. Suppose 5*u - 16 = 4. Calculate the greatest common divisor of h and u.
4
Suppose 60 - 40 = 4*t, 4*y = -4*t + 4724. Calculate the greatest common divisor of y and 105.
21
Suppose h - 4*b - 103 = 93, -h - 3*b = -196. Suppose c + 3*a - 2 = 47, -3*c = -3*a - 147. Calculate the greatest common factor of h and c.
49
Let c(n) = -n**3 - 66*n**2 - 68*n - 182. Let z be c(-65). Calculate the highest common divisor of z and 1573.
13
Let t be (-345)/6*24/(-10). Let q = -58038 - -58153. Calculate the greatest common divisor of q and t.
23
Suppose -393*z - 394*z + 27004 = -783*z. Calculate the greatest common factor of z and 43.
43
Let j(b) = -2*b**2 - 10*b + 48. Let i be j(-7). Suppose 24*d - 60 = i*d. Calculate the highest common divisor of 30 and d.
15
Let w(c) = 16*c + 198. Let h(r) = -2*r - 22. Let d(b) = 52*h(b) + 6*w(b). Let u be d(-10). Calculate the greatest common factor of u and 31.
31
Suppose -11*o + 46327 = 37725. Let v = -25 - -71. Calculate the greatest common divisor of v and o.
46
Let a = 3851 + -2747. What is the greatest common factor of a and 80?
16
Suppose -l = 2*c - 2*l - 245, -l - 122 = -c. Let w = 228 - c. Let p = 112 - w. Calculate the greatest common divisor of 14 and p.
7
Suppose -3*m - 4*t = t - 195, 0 = -3*m - t + 195. Let y be (2/(-3) + m/(-15))*-2. Calculate the highest common factor of 20 and y.
10
Let a(k) = 19*k**3 + 6*k**2 + 8. Let m be a(3). Calculate the greatest common divisor of 138 and m.
23
Let n(l) = l**3 - 3*l**2 + l + 5. Let r be -2*(-21)/14 - 3. Let h be n(r). Calculate the greatest common divisor of 25 and h.
5
Let k be (-8)/(-14)*(-14)/(-4). Suppose -4*a + y = -2*y - 36, k*a + 2*y = 32. Let p be (-4)/a - (-31)/3. Calculate the highest common divisor of p and 90.
10
Let u be -3 - (-18549)/21 - ((-534)/42 - -13). Calculate the greatest common divisor of 275 and u.
55
Let w = 955 - 961. Let b be (w + 92/16)*-6644. Calculate the highest common factor of 11 and b.
11
Let k = 11 + -9. Let z be k*3*(2 + (-9 - -9)). Calculate the highest common divisor of 132 and z.
12
Let n be 2 + (-116)/6*6/4. Let z be (-9)/n + (-160)/(-6). Suppose 0 = -4*s - 2*h + 34, 5*s = -5*h + z + 28. Calculate the greatest common factor of 9 and s.
3
Let x be -1 - 61 - (2 + -6). Let y = x - -58. Suppose y = -0*z + 3*z + 5*u - 82, z - 30 = -3*u. What is the highest common divisor of 12 and z?
12
Let d be 215 + 0 - (-6 + 1). Suppose 0 = a + 55 - d. Suppose 8*h + a = 11*h. Calculate the highest common divisor of 44 and h.
11
Suppose 3*i + 118*i - 61217 = 735. Calculate the highest common divisor of 3008 and i.
64
Let t = -13185 - -13355. What is the greatest common divisor of 290 and t?
10
Let g be (-2)/(-8) + 63/36 + 8. Let u be 46253/92 + g/8. What is the highest common factor of 21 and u?
21
Let j be 613910/(43 + -21) + 10. What is the highest common divisor of 15 and j?
15
Let r = -1 + 5. Suppose -h + 2*h = -2*p + 193, -r*h + 748 = -4*p. Suppose 0 = 6*i + 18*i - 504. Calculate the greatest common factor of h and i.
21
Let c = 13038 - 12729. Calculate the greatest common factor of 10403 and c.
103
Let t = -7899 - -8727. What is the highest common divisor of 48 and t?
12
Suppose 4*b + 2*k = 1880, -4*b + 1880 = 3*k + 2*k. Let t = b - -89. What is the greatest common divisor of t and 43?
43
Let x(f) = 387*f + 798. Let y be x(-2). What is the greatest common divisor of 3136 and y?
8
Let m be 4 + (1538 + 2)/7. What is the greatest common divisor of 544 and m?
32
Suppose 4*l - 2*f = 125 + 95, l = -f + 49. Suppose 17*z = 16*z - l. Let w be (-4)/34 + z/(-17). Calculate the highest common divisor of 3 and w.
3
Suppose 17 - 2 = 3*q. Suppose 3*f + 5*m + 36 = -f, q*m = -3*f - 32. Let p be 2*9/(-6)*f. Calculate the greatest common factor of p and 12.
12
Let j(v) = 3*v + 165. Let t be j(0). Suppose 0 = -7*z + 66 + t. Calculate the highest common divisor of z and 429.
33
Let r be 1/4 + 895/(-40)*-2. Suppose -4*v + 95 = 15*v. What is the highest common divisor of v and r?
5
Let d = 11517 + -11461. Calculate the greatest common factor of d and 301.
7
Let p = -443 - -284. Let k = p + 207. Calculate the highest common factor of 12 and k.
12
Let d(l) = 2*l**2 + 3*l + 9. Let y be d(-4). Let j = y + -15. Let v be (-44)/(-8)*4*j. Calculate the greatest common factor of 28 and v.
28
Let f be 80/(-60) + 368/6. Let v = f - 54. Suppose -62 = -v*r + 94. Calculate the greatest common divisor of 286 and r.
26
Suppose 2*p = -p + 75. Suppose y - 18 = -3*y + 2*f, p = -5*f. Suppose 3*u = -4*b + 7*u + 36, -y*b = 4*u - 6. What is the highest common factor of 63 and b?
7
Let d be (7 - 522/81)*9. Suppose 0 = q - d*x - 15 - 24, -5*x + 217 = 3*q. What is the greatest common factor of q and 20?
4
Suppose -g = -5*a - 4*g, -g = -5*a + 20. Suppose -2*n - n - 86 = -u, -n + 278 = a*u. What is the highest common factor of 46 and u?
46
Suppose -25*d + 10505 = 3905. Calculate the highest common divisor of d and 48.
24
Let w(z) = -z**3 - 4*z**2 + 2*z. Let f be w(-5). Let x = 54 + -45. Suppose -5*m + 35 = 4*q, -2*q + x = 4*m - 1. What is the greatest common divisor of f and q?
15
Let c be (-70)/2*((-12008)/266 + 34). Calculate the greatest common divisor of 702 and c.
78
Let k be 2/1 + 48/6. Suppose -1946 - 214 = -27*q. What is the greatest common divisor of k and q?
10
Let o = 5847 + 1719. What is the highest common factor of 156 and o?
78
Let k = -867 + 1715. Suppose -i + 55 = -31*t + 29*t, -4*i = 3*t - 209. What is the highest common factor of k and i?
53
Let k be (-318)/(-21) - (-9)/(-63). Let n = 10 - 6. Suppose -30 = -4*y + n*v - 2*v, v = -3*y + k. Calculate the highest common divisor of 18 and y.
6
Suppose 8*t - 4*t - 3636 = -4*h, 2*t = 3*h - 2732. Let f = 1064 - h. What is the highest common divisor of 44 and f?
22
Let w(j) = j**3 - 6*j**2 - 8*j + 65. Let d be w(5). Suppose -23*u + 909 - 104 = d. Calculate the highest common divisor of 5 and u.
5
Let u be 0/(-1) - (24 - 28). Suppose -2*l = f + f - 228, -l + u*f = -134. What is the greatest common divisor of 295 and l?
59
Let z be (0 - 324/8)/((-6)/(-8)). Let p = z - -57. Let x be (0 + p/6)*(1 - -9). Calculate the greatest common divisor of x and 30.
5
Let o(c) = 3*c**3 + 6*c**2 + 34*c + 9. Let x be o(10). Calculate the highest common factor of 22 and x.
11
Suppose 0 = 4*o - 2*r - 3522, 0 = -r - 18 + 17. What is the highest common divisor 